{"id":126,"date":"2020-03-23T13:47:31","date_gmt":"2020-03-23T12:47:31","guid":{"rendered":"http:\/\/kanalizacja.jaworzno.pl\/faza6\/?page_id=126"},"modified":"2020-07-14T23:53:08","modified_gmt":"2020-07-14T21:53:08","slug":"wykonaj-przylacze-samodzielnie","status":"publish","type":"page","link":"https:\/\/kanalizacja.jaworzno.pl\/faza6\/wykonaj-przylacze-samodzielnie\/","title":{"rendered":"Wykonaj przy\u0142\u0105cze samodzielnie"},"content":{"rendered":"<div id=\"pl-126\"  class=\"panel-layout\" ><div id=\"pg-126-0\"  class=\"panel-grid panel-has-style\" ><div id=\"samodzielnie\" class=\"panel-row-style panel-row-style-for-126-0\" ><div id=\"pgc-126-0-0\"  class=\"panel-grid-cell\" ><div id=\"panel-126-0-0-0\" class=\"so-panel widget widget_text panel-first-child panel-last-child\" data-index=\"0\" >\t\t\t<div class=\"textwidget\"><p style=\"text-align: justify;\">W tym celu nale\u017cy pozyska\u0107 wykonawc\u0119 lub wykona\u0107 prac\u0119 we w\u0142asnym zakresie. Wi\u0119cej informacji dost\u0119pnych jest tu: <a href=\"https:\/\/www.wodociagi.jaworzno.pl\/index.php?option=com_content&amp;view=article&amp;id=838&amp;Itemid=1014\">https:\/\/www.wodociagi.jaworzno.pl\/index.php?option=com_content&amp;view=article&amp;id=838&amp;Itemid=1014<\/a><\/p>\n<\/div>\n\t\t<\/div><\/div><\/div><\/div><\/div>","protected":false},"excerpt":{"rendered":"<p>W tym celu nale\u017cy pozyska\u0107 wykonawc\u0119 lub wykona\u0107 prac\u0119 we w\u0142asnym zakresie. Wi\u0119cej informacji dost\u0119pnych jest tu: https:\/\/www.wodociagi.jaworzno.pl\/index.php?option=com_content&amp;view=article&amp;id=838&amp;Itemid=1014<\/p>\n","protected":false},"author":3,"featured_media":0,"parent":0,"menu_order":0,"comment_status":"closed","ping_status":"closed","template":"","meta":{"site-sidebar-layout":"default","site-content-layout":"default","ast-site-content-layout":"","site-content-style":"default","site-sidebar-style":"default","ast-global-header-display":"","ast-banner-title-visibility":"","ast-main-header-display":"","ast-hfb-above-header-display":"","ast-hfb-below-header-display":"","ast-hfb-mobile-header-display":"","site-post-title":"","ast-breadcrumbs-content":"","ast-featured-img":"","footer-sml-layout":"","theme-transparent-header-meta":"default","adv-header-id-meta":"","stick-header-meta":"","header-above-stick-meta":"","header-main-stick-meta":"","header-below-stick-meta":"","astra-migrate-meta-layouts":""},"_links":{"self":[{"href":"https:\/\/kanalizacja.jaworzno.pl\/faza6\/wp-json\/wp\/v2\/pages\/126"}],"collection":[{"href":"https:\/\/kanalizacja.jaworzno.pl\/faza6\/wp-json\/wp\/v2\/pages"}],"about":[{"href":"https:\/\/kanalizacja.jaworzno.pl\/faza6\/wp-json\/wp\/v2\/types\/page"}],"author":[{"embeddable":true,"href":"https:\/\/kanalizacja.jaworzno.pl\/faza6\/wp-json\/wp\/v2\/users\/3"}],"replies":[{"embeddable":true,"href":"https:\/\/kanalizacja.jaworzno.pl\/faza6\/wp-json\/wp\/v2\/comments?post=126"}],"version-history":[{"count":26,"href":"https:\/\/kanalizacja.jaworzno.pl\/faza6\/wp-json\/wp\/v2\/pages\/126\/revisions"}],"predecessor-version":[{"id":403,"href":"https:\/\/kanalizacja.jaworzno.pl\/faza6\/wp-json\/wp\/v2\/pages\/126\/revisions\/403"}],"wp:attachment":[{"href":"https:\/\/kanalizacja.jaworzno.pl\/faza6\/wp-json\/wp\/v2\/media?parent=126"}],"curies":[{"name":"wp","href":"https:\/\/api.w.org\/{rel}","templated":true}]}}