{"id":233,"date":"2020-03-24T12:49:06","date_gmt":"2020-03-24T11:49:06","guid":{"rendered":"http:\/\/kanalizacja.jaworzno.pl\/faza6\/?page_id=233"},"modified":"2020-03-24T13:03:08","modified_gmt":"2020-03-24T12:03:08","slug":"mapy-projektow","status":"publish","type":"page","link":"https:\/\/kanalizacja.jaworzno.pl\/faza6\/mapy-projektow\/","title":{"rendered":"Mapy projekt\u00f3w"},"content":{"rendered":"<div id=\"pl-233\"  class=\"panel-layout\" ><div id=\"pg-233-0\"  class=\"panel-grid panel-no-style\" ><div id=\"pgc-233-0-0\"  class=\"panel-grid-cell\" ><div id=\"panel-233-0-0-0\" class=\"so-panel widget widget_media_image panel-first-child\" data-index=\"0\" ><img width=\"972\" height=\"742\" src=\"https:\/\/kanalizacja.jaworzno.pl\/faza6\/wp-content\/uploads\/2020\/03\/mapy.png\" class=\"image wp-image-253  attachment-full size-full\" alt=\"\" decoding=\"async\" loading=\"lazy\" style=\"max-width: 100%; height: auto;\" srcset=\"https:\/\/kanalizacja.jaworzno.pl\/faza6\/wp-content\/uploads\/2020\/03\/mapy.png 972w, https:\/\/kanalizacja.jaworzno.pl\/faza6\/wp-content\/uploads\/2020\/03\/mapy-300x229.png 300w, https:\/\/kanalizacja.jaworzno.pl\/faza6\/wp-content\/uploads\/2020\/03\/mapy-768x586.png 768w\" sizes=\"(max-width: 972px) 100vw, 972px\" \/><\/div><div id=\"panel-233-0-0-1\" class=\"widget_text so-panel widget widget_custom_html panel-last-child\" data-index=\"1\" ><div class=\"textwidget custom-html-widget\"><div class=\"art-layout-cell\">\n<table class=\"tma\" style=\"width: 100%;\">\n<tbody>\n<tr>\n<td><a href=\"\/faza6\/mapy\/2.1.pdf\">- 1 -<\/a> Anny,<br> Wiosny Lud\u00f3w - t\u0142oczny<\/td>\n<td><a href=\"\/faza6\/mapy\/2.2.pdf\">- 2 -<\/a> Astr\u00f3w,<br> skrzy\u017cowanie<br> ulic Baranowskiego,<br> \u017bytnia i Rezedowa,<br> Wiosny Lud\u00f3w - t\u0142oczny<\/td>\n<td><a href=\"\/faza6\/mapy\/2.3.pdf\">- 3 -<\/a> Laskowiec<\/td>\n<td><a href=\"\/faza6\/mapy\/2.4.pdf\">- 4 -<\/a> Laskowiec<\/td>\n<\/tr>\n<\/tbody>\n<\/table>\n<table class=\"tma\" style=\"width: 100%;\">\n<tbody>\n<tr>\n<td><a href=\"\/faza6\/mapy\/2.5.pdf\">- 5 -<\/a> skrzy\u017cowanie ulic Baranowskiego,<br> \u017bytnia i Rezedowa<\/td>\n<td><a href=\"\/faza6\/mapy\/2.6.pdf\">- 6 -<\/a> Astr\u00f3w,<br> skrzy\u017cowanie<br> ulic Baranowskiego,<br> \u017bytnia i Rezedowa,<br> Wiosny Lud\u00f3w - t\u0142oczny<\/td>\n<td><a href=\"\/faza6\/mapy\/2.7.pdf\">- 7 -<\/a> D\u0119bnicka,<br>Korczy\u0144skiego<br>(bud. 61 - 105A i 16-70),<br>Nauczycielska,<br>Pszeniczna,<br>Rumiankowa,<br>Rumiankowa boczna<\/td>\n<td><a href=\"\/faza6\/mapy\/2.8.pdf\">- 8 -<\/a> Pszeniczna<\/td>\n<\/tr>\n<\/tbody>\n<\/table>\n<table class=\"tma\" style=\"width: 100%;\">\n<tbody>\n<tr>\n<td><a href=\"\/faza6\/mapy\/2.9.pdf\">- 9 -<\/a> skrzy\u017cowanie ulic Baranowskiego,<br> \u017bytnia i Rezedowa<\/td>\n<td><a href=\"\/faza6\/mapy\/2.10.pdf\">- 10 -<\/a> Astr\u00f3w,<br> skrzy\u017cowanie<br> ulic Baranowskiego,<br> \u017bytnia i Rezedowa,<br> Wiosny Lud\u00f3w - t\u0142oczny<\/td>\n<td><a href=\"\/faza6\/mapy\/2.11.pdf\">- 11 -<\/a> D\u0119bnicka,<br>Korczy\u0144skiego<br>(bud. 61 - 105A i 16-70),<br>Nauczycielska,<br>Pszeniczna,<br>Rumiankowa,<br>Rumiankowa boczna<\/td>\n<td><a href=\"\/faza6\/mapy\/2.12.pdf\">- 12 -<\/a> Pszeniczna<\/td>\n<\/tr>\n<\/tbody>\n<\/table>\n<table class=\"tma\" style=\"width: 100%;\">\n<tbody>\n<tr>\n<td><a href=\"\/faza6\/mapy\/2.13.pdf\">- 13 -<\/a> Fio\u0142kowa,<br>Korczy\u0144skiego (bud. 121 - 143 i 84 - 92),<br>Makowa,<br>Modrzewiowa,<br>Studzianki,<br>Zjednoczenia<\/td>\n<td><a href=\"\/faza6\/mapy\/2.14.pdf\">- 14 -<\/a> Baranowskiego (bud. 82C-44, 23, 21),<br>Le\u0144skiego,<br>Rewolucjonist\u00f3w<\/td>\n<td><a href=\"\/faza6\/mapy\/2.15.pdf\">- 15 -<\/a> Baranowskiego (bud. 1-15, 2-40),<br>Gwardzist\u00f3w (bud. 1-3, 2-12), <br>Korczy\u0144skiego (bud. 1 - 59 i 2 - 16), <br>Krakowska, <br>Nauczycielska<\/td>\n<td><a href=\"\/faza6\/mapy\/2.16.pdf\">- 16 -<\/a> Krakowska,<br>Le\u0144skiego, <br>Rapackiego<\/td>\n<\/tr>\n<\/tbody>\n<\/table>\n<table class=\"tma\" style=\"width: 100%;\">\n<tbody>\n<tr>\n<td><a href=\"\/faza6\/mapy\/2.17.pdf\">- 17 -<\/a> Barana,<br>Gwardzist\u00f3w (bud. 7A-75, 16-66), <br>Krakowska, <br>\u017bukowa (bud. 1 - 7, 4 - 12)<\/td>\n<td><a href=\"\/faza6\/mapy\/2.18.pdf\">- 18 -<\/a> \u0106wikli\u0144skiej, <br>Gwardzist\u00f3w (bud. 81-117, 68-96), <br>Jasi\u0144skiego, <br>Ko\u015bcielna, <br>Liliowa, <br>Mieczyk\u00f3w, <br>Tulipanowa, <br>Wysockiego,<br> \u017bukowa (bud. 18 - 26D, 11 - 19)<\/td>\n<td><a href=\"\/faza6\/mapy\/2.19.pdf\">- 19 -<\/a> \u0106wikli\u0144skiej, <br>Jasi\u0144skiego, <br>Tulipanowa, <br>\u017bukowa (bud. 26B - 30, 19C - 21)<\/td>\n<td><a href=\"\/faza6\/mapy\/2.20.pdf\">- 20 -<\/a> Bruna,<br>Chryzantemowa,<br>Gwardzist\u00f3w (bud. 121-145A, 98-126),<br>Liliowa,<br>Potokowa,<br>Rudnik\u00f3w,<br>Wysockiego<\/td>\n<\/tr>\n<\/tbody>\n<\/table>\n<table class=\"tma\" style=\"width: 100%;\">\n<tbody>\n<tr>\n<td>&nbsp;<\/td>\n<td><a href=\"\/faza6\/mapy\/2.21.pdf\">- 21 -<\/a> Drzyma\u0142y, <br>Gwardzist\u00f3w (bud. 145C-153A, 128-148), <br>\u0141anowa, <br>Rudnik\u00f3w<\/td>\n<td><a href=\"\/faza6\/mapy\/2.22.pdf\">- 22 -<\/a> Drzyma\u0142y,<br>\u0141anowa<\/td>\n<td>&nbsp;<\/td>\n<\/tr>\n<\/tbody>\n<\/table>\n<\/div><\/div><\/div><\/div><\/div><\/div>","protected":false},"excerpt":{"rendered":"<p>&#8211; 1 &#8211; Anny, Wiosny Lud\u00f3w &#8211; t\u0142oczny &#8211; 2 &#8211; Astr\u00f3w, skrzy\u017cowanie ulic Baranowskiego, \u017bytnia i Rezedowa, Wiosny Lud\u00f3w &#8211; t\u0142oczny &#8211; 3 &#8211; Laskowiec &#8211; 4 &#8211; Laskowiec &#8211; 5 &#8211; skrzy\u017cowanie ulic Baranowskiego, \u017bytnia i Rezedowa &#8211; 6 &#8211; Astr\u00f3w, skrzy\u017cowanie ulic Baranowskiego, \u017bytnia i Rezedowa, Wiosny Lud\u00f3w &#8211; t\u0142oczny &#8211; 7 &hellip;<\/p>\n<p class=\"read-more\"> <a class=\"\" href=\"https:\/\/kanalizacja.jaworzno.pl\/faza6\/mapy-projektow\/\"> <span class=\"screen-reader-text\">Mapy projekt\u00f3w<\/span> Read More &raquo;<\/a><\/p>\n","protected":false},"author":3,"featured_media":0,"parent":0,"menu_order":0,"comment_status":"closed","ping_status":"closed","template":"","meta":{"site-sidebar-layout":"default","site-content-layout":"default","ast-site-content-layout":"","site-content-style":"default","site-sidebar-style":"default","ast-global-header-display":"","ast-banner-title-visibility":"","ast-main-header-display":"","ast-hfb-above-header-display":"","ast-hfb-below-header-display":"","ast-hfb-mobile-header-display":"","site-post-title":"","ast-breadcrumbs-content":"","ast-featured-img":"","footer-sml-layout":"","theme-transparent-header-meta":"default","adv-header-id-meta":"","stick-header-meta":"","header-above-stick-meta":"","header-main-stick-meta":"","header-below-stick-meta":"","astra-migrate-meta-layouts":""},"_links":{"self":[{"href":"https:\/\/kanalizacja.jaworzno.pl\/faza6\/wp-json\/wp\/v2\/pages\/233"}],"collection":[{"href":"https:\/\/kanalizacja.jaworzno.pl\/faza6\/wp-json\/wp\/v2\/pages"}],"about":[{"href":"https:\/\/kanalizacja.jaworzno.pl\/faza6\/wp-json\/wp\/v2\/types\/page"}],"author":[{"embeddable":true,"href":"https:\/\/kanalizacja.jaworzno.pl\/faza6\/wp-json\/wp\/v2\/users\/3"}],"replies":[{"embeddable":true,"href":"https:\/\/kanalizacja.jaworzno.pl\/faza6\/wp-json\/wp\/v2\/comments?post=233"}],"version-history":[{"count":10,"href":"https:\/\/kanalizacja.jaworzno.pl\/faza6\/wp-json\/wp\/v2\/pages\/233\/revisions"}],"predecessor-version":[{"id":235,"href":"https:\/\/kanalizacja.jaworzno.pl\/faza6\/wp-json\/wp\/v2\/pages\/233\/revisions\/235"}],"wp:attachment":[{"href":"https:\/\/kanalizacja.jaworzno.pl\/faza6\/wp-json\/wp\/v2\/media?parent=233"}],"curies":[{"name":"wp","href":"https:\/\/api.w.org\/{rel}","templated":true}]}}