{"id":13,"date":"2020-03-23T09:38:22","date_gmt":"2020-03-23T08:38:22","guid":{"rendered":"http:\/\/kanalizacja.jaworzno.pl\/sokol\/?page_id=13"},"modified":"2020-07-09T21:55:06","modified_gmt":"2020-07-09T19:55:06","slug":"strona-glowna","status":"publish","type":"page","link":"https:\/\/kanalizacja.jaworzno.pl\/sokol\/","title":{"rendered":"Strona g\u0142\u00f3wna"},"content":{"rendered":"<div id=\"pl-13\"  class=\"panel-layout\" ><div id=\"pg-13-0\"  class=\"panel-grid panel-no-style\" ><div id=\"pgc-13-0-0\"  class=\"panel-grid-cell\" ><div id=\"panel-13-0-0-0\" class=\"so-panel widget widget_text panel-first-child\" data-index=\"0\" >\t\t\t<div class=\"textwidget\"><header class=\"entry-header ast-no-thumbnail ast-no-meta\">\n<h1 class=\"entry-title\" itemprop=\"headline\">Aktualno\u015bci<\/h1>\n<\/header>\n<\/div>\n\t\t<\/div><div id=\"panel-13-0-0-1\" class=\"so-panel widget widget_siteorigin-panels-postloop panel-last-child\" data-index=\"1\" ><div class=\"sg panel-widget-style panel-widget-style-for-13-0-0-1\" >\r\n\r\n<article \r\n\tclass=\"post-594 post type-post status-publish format-standard has-post-thumbnail hentry category-aktualnosci ast-col-sm-12 ast-article-post\" id=\"post-594\">\r\n\r\n\t\r\n\t<div class=\"ast-post-format- blog-layout-1\">\r\n\r\n\t<div class=\"post-content ast-col-md-12\">\r\n\r\n\t\t<div class=\"ast-blog-featured-section post-thumb ast-col-md-12\"><div class=\"post-thumb-img-content post-thumb\"><a href=\"https:\/\/kanalizacja.jaworzno.pl\/sokol\/raport-koncowy\/\" ><img width=\"1024\" height=\"683\" src=\"https:\/\/kanalizacja.jaworzno.pl\/sokol\/wp-content\/uploads\/2021\/10\/IMG_7585-1024x683.jpg\" class=\"attachment-large size-large wp-post-image\" alt=\"\" loading=\"lazy\" srcset=\"https:\/\/kanalizacja.jaworzno.pl\/sokol\/wp-content\/uploads\/2021\/10\/IMG_7585-1024x683.jpg 1024w, https:\/\/kanalizacja.jaworzno.pl\/sokol\/wp-content\/uploads\/2021\/10\/IMG_7585-300x200.jpg 300w, https:\/\/kanalizacja.jaworzno.pl\/sokol\/wp-content\/uploads\/2021\/10\/IMG_7585-768x512.jpg 768w, https:\/\/kanalizacja.jaworzno.pl\/sokol\/wp-content\/uploads\/2021\/10\/IMG_7585-272x182.jpg 272w, https:\/\/kanalizacja.jaworzno.pl\/sokol\/wp-content\/uploads\/2021\/10\/IMG_7585.jpg 1200w\" sizes=\"(max-width: 1024px) 100vw, 1024px\" \/><\/a><\/div><\/div>\t\t<header class=\"entry-header\">\r\n\t\t\t<h2 class=\"entry-title\" ><a href=\"https:\/\/kanalizacja.jaworzno.pl\/sokol\/raport-koncowy\/\" rel=\"bookmark\">Raport ko\u0144cowy<\/a><\/h2>\t\t\t<div class=\"entry-meta\"><span class=\"posted-on\"><span class=\"published\" itemprop=\"datePublished\"> 4 pa\u017adziernika 2021<\/span><span class=\"updated\" itemprop=\"dateModified\"> 4 pa\u017adziernika 2021<\/span><\/span><\/div>\t\t<\/header><!-- .entry-header -->\r\n\t\t\r\n\t\t<div class=\"entry-content clear\"\r\n\t\t\t\t\t>\r\n\r\n\t\t\t\r\n\t\t\t<p>Poni\u017cej prezentujemy ko\u0144cowy artyku\u0142 oraz wnioski z dwu letniej dzia\u0142alno\u015bci stacji naukowo badawczej zlokalizowana na Oczyszczalni \u015aciek\u00f3w Jele\u0144 D\u0105b w Jaworznie, kt\u00f3rej g\u0142\u00f3wnym celem i za\u0142o\u017ceniem by\u0142o ozonowanie \u015bciek\u00f3w oczyszczonych z zamiarem redukcji z nich farmaceutyk\u00f3w na poziomie 80-90% przy ca\u0142kowitym braku powstawania substancji kancerogennych. Efektywno\u015b\u0107 usuwania wybranych lek\u00f3w na przyk\u0142adzie instalacji ozonowania oczyszczanych \u015bciek\u00f3w &hellip;<\/p>\n<p class=\"read-more\"> <a class=\"\" href=\"https:\/\/kanalizacja.jaworzno.pl\/sokol\/raport-koncowy\/\"> <span class=\"screen-reader-text\">Raport ko\u0144cowy<\/span> Read More &raquo;<\/a><\/p>\n\r\n\t\t\t\r\n\t\t\t\t\t<\/div><!-- .entry-content .clear -->\r\n\t<\/div><!-- .post-content -->\r\n\r\n<\/div> <!-- .blog-layout-1 -->\r\n\r\n\t\r\n<\/article><!-- #post-## -->\r\n\r\n\r\n\r\n<article \r\n\tclass=\"post-585 post type-post status-publish format-standard has-post-thumbnail hentry category-aktualnosci ast-col-sm-12 ast-article-post\" id=\"post-585\">\r\n\r\n\t\r\n\t<div class=\"ast-post-format- blog-layout-1\">\r\n\r\n\t<div class=\"post-content ast-col-md-12\">\r\n\r\n\t\t<div class=\"ast-blog-featured-section post-thumb ast-col-md-12\"><div class=\"post-thumb-img-content post-thumb\"><a href=\"https:\/\/kanalizacja.jaworzno.pl\/sokol\/innowacyjne-metody-usuwania-farmaceutykow-ze-sciekow\/\" ><img width=\"1024\" height=\"506\" src=\"https:\/\/kanalizacja.jaworzno.pl\/sokol\/wp-content\/uploads\/2020\/03\/zbiornik-wysoki_www_Obszar-roboczy-1-1024x506.jpg\" class=\"attachment-large size-large wp-post-image\" alt=\"\" loading=\"lazy\" srcset=\"https:\/\/kanalizacja.jaworzno.pl\/sokol\/wp-content\/uploads\/2020\/03\/zbiornik-wysoki_www_Obszar-roboczy-1-1024x506.jpg 1024w, https:\/\/kanalizacja.jaworzno.pl\/sokol\/wp-content\/uploads\/2020\/03\/zbiornik-wysoki_www_Obszar-roboczy-1-300x148.jpg 300w, https:\/\/kanalizacja.jaworzno.pl\/sokol\/wp-content\/uploads\/2020\/03\/zbiornik-wysoki_www_Obszar-roboczy-1-768x380.jpg 768w, https:\/\/kanalizacja.jaworzno.pl\/sokol\/wp-content\/uploads\/2020\/03\/zbiornik-wysoki_www_Obszar-roboczy-1-1536x759.jpg 1536w, https:\/\/kanalizacja.jaworzno.pl\/sokol\/wp-content\/uploads\/2020\/03\/zbiornik-wysoki_www_Obszar-roboczy-1.jpg 1960w\" sizes=\"(max-width: 1024px) 100vw, 1024px\" \/><\/a><\/div><\/div>\t\t<header class=\"entry-header\">\r\n\t\t\t<h2 class=\"entry-title\" ><a href=\"https:\/\/kanalizacja.jaworzno.pl\/sokol\/innowacyjne-metody-usuwania-farmaceutykow-ze-sciekow\/\" rel=\"bookmark\">Innowacyjne metody usuwania farmaceutyk\u00f3w ze \u015bciek\u00f3w<\/a><\/h2>\t\t\t<div class=\"entry-meta\"><span class=\"posted-on\"><span class=\"published\" itemprop=\"datePublished\"> 28 stycznia 2021<\/span><span class=\"updated\" itemprop=\"dateModified\"> 28 stycznia 2021<\/span><\/span><\/div>\t\t<\/header><!-- .entry-header -->\r\n\t\t\r\n\t\t<div class=\"entry-content clear\"\r\n\t\t\t\t\t>\r\n\r\n\t\t\t\r\n\t\t\t<p>Film z realizacji pierwszego w Polsce projektu naukowo \u2013 badawczym pt. \u201eOpracowanie innowacyjnej metody usuwania farmaceutyk\u00f3w ze \u015bciek\u00f3w\u201d, kt\u00f3ry to Projekt od ponad roku jest realizowany na jaworznickiej oczyszczalni \u015bciek\u00f3w Jele\u0144 D\u0105b. Jego g\u0142\u00f3wnym celem i za\u0142o\u017ceniem jest redukcja ze \u015bciek\u00f3w oczyszczonych farmaceutyk\u00f3w na poziomie 80-90%. Metoda neutralizacji farmaceutyk\u00f3w polega na ozonowaniu \u015bciek\u00f3w, tak aby &hellip;<\/p>\n<p class=\"read-more\"> <a class=\"\" href=\"https:\/\/kanalizacja.jaworzno.pl\/sokol\/innowacyjne-metody-usuwania-farmaceutykow-ze-sciekow\/\"> <span class=\"screen-reader-text\">Innowacyjne metody usuwania farmaceutyk\u00f3w ze \u015bciek\u00f3w<\/span> Read More &raquo;<\/a><\/p>\n\r\n\t\t\t\r\n\t\t\t\t\t<\/div><!-- .entry-content .clear -->\r\n\t<\/div><!-- .post-content -->\r\n\r\n<\/div> <!-- .blog-layout-1 -->\r\n\r\n\t\r\n<\/article><!-- #post-## -->\r\n\r\n\r\n\r\n<article \r\n\tclass=\"post-557 post type-post status-publish format-standard has-post-thumbnail hentry category-aktualnosci ast-col-sm-12 ast-article-post\" id=\"post-557\">\r\n\r\n\t\r\n\t<div class=\"ast-post-format- blog-layout-1\">\r\n\r\n\t<div class=\"post-content ast-col-md-12\">\r\n\r\n\t\t<div class=\"ast-blog-featured-section post-thumb ast-col-md-12\"><div class=\"post-thumb-img-content post-thumb\"><a href=\"https:\/\/kanalizacja.jaworzno.pl\/sokol\/leki-w-sciekach-pierwsze-wyniki-sa-obiecujace\/\" ><img width=\"1024\" height=\"683\" src=\"https:\/\/kanalizacja.jaworzno.pl\/sokol\/wp-content\/uploads\/2021\/01\/IMG_7510-1024x683.jpg\" class=\"attachment-large size-large wp-post-image\" alt=\"\" loading=\"lazy\" srcset=\"https:\/\/kanalizacja.jaworzno.pl\/sokol\/wp-content\/uploads\/2021\/01\/IMG_7510-1024x683.jpg 1024w, https:\/\/kanalizacja.jaworzno.pl\/sokol\/wp-content\/uploads\/2021\/01\/IMG_7510-300x200.jpg 300w, https:\/\/kanalizacja.jaworzno.pl\/sokol\/wp-content\/uploads\/2021\/01\/IMG_7510-768x512.jpg 768w, https:\/\/kanalizacja.jaworzno.pl\/sokol\/wp-content\/uploads\/2021\/01\/IMG_7510-272x182.jpg 272w, https:\/\/kanalizacja.jaworzno.pl\/sokol\/wp-content\/uploads\/2021\/01\/IMG_7510.jpg 1200w\" sizes=\"(max-width: 1024px) 100vw, 1024px\" \/><\/a><\/div><\/div>\t\t<header class=\"entry-header\">\r\n\t\t\t<h2 class=\"entry-title\" ><a href=\"https:\/\/kanalizacja.jaworzno.pl\/sokol\/leki-w-sciekach-pierwsze-wyniki-sa-obiecujace\/\" rel=\"bookmark\">Leki w \u015bciekach. Pierwsze wyniki s\u0105 obiecuj\u0105ce.<\/a><\/h2>\t\t\t<div class=\"entry-meta\"><span class=\"posted-on\"><span class=\"published\" itemprop=\"datePublished\"> 28 stycznia 2021<\/span><span class=\"updated\" itemprop=\"dateModified\"> 28 stycznia 2021<\/span><\/span><\/div>\t\t<\/header><!-- .entry-header -->\r\n\t\t\r\n\t\t<div class=\"entry-content clear\"\r\n\t\t\t\t\t>\r\n\r\n\t\t\t\r\n\t\t\t<p>W czerwcu 2020 roku, po blisko trzy miesi\u0119cznej przerwie spowodowanej pandemi\u0105 COVID-19, swoj\u0105 prac\u0119 wznowi\u0142a stacja naukowo badawcza zlokalizowana na Oczyszczalni \u015aciek\u00f3w Jele\u0144 D\u0105b w Jaworznie. Jej g\u0142\u00f3wnym celem i za\u0142o\u017ceniem jest ozonowanie \u015bciek\u00f3w oczyszczonych z zamiarem redukcji z nich farmaceutyk\u00f3w na poziomie 80-90% przy ca\u0142kowitym braku powstawania substancji kancerogennych. Chodzi o bezpieczne rozk\u0142adanie farmaceutyk\u00f3w &hellip;<\/p>\n<p class=\"read-more\"> <a class=\"\" href=\"https:\/\/kanalizacja.jaworzno.pl\/sokol\/leki-w-sciekach-pierwsze-wyniki-sa-obiecujace\/\"> <span class=\"screen-reader-text\">Leki w \u015bciekach. Pierwsze wyniki s\u0105 obiecuj\u0105ce.<\/span> Read More &raquo;<\/a><\/p>\n\r\n\t\t\t\r\n\t\t\t\t\t<\/div><!-- .entry-content .clear -->\r\n\t<\/div><!-- .post-content -->\r\n\r\n<\/div> <!-- .blog-layout-1 -->\r\n\r\n\t\r\n<\/article><!-- #post-## -->\r\n\r\n\r\n\r\n<article \r\n\tclass=\"post-415 post type-post status-publish format-standard has-post-thumbnail hentry category-aktualnosci ast-col-sm-12 ast-article-post\" id=\"post-415\">\r\n\r\n\t\r\n\t<div class=\"ast-post-format- blog-layout-1\">\r\n\r\n\t<div class=\"post-content ast-col-md-12\">\r\n\r\n\t\t<div class=\"ast-blog-featured-section post-thumb ast-col-md-12\"><div class=\"post-thumb-img-content post-thumb\"><a href=\"https:\/\/kanalizacja.jaworzno.pl\/sokol\/pilotazowa-stacja-do-usuwania-farmaceutykow-wznawia-prace\/\" ><img width=\"1024\" height=\"576\" src=\"https:\/\/kanalizacja.jaworzno.pl\/sokol\/wp-content\/uploads\/2020\/03\/s-1024x576.jpg\" class=\"attachment-large size-large wp-post-image\" alt=\"\" loading=\"lazy\" srcset=\"https:\/\/kanalizacja.jaworzno.pl\/sokol\/wp-content\/uploads\/2020\/03\/s-1024x576.jpg 1024w, https:\/\/kanalizacja.jaworzno.pl\/sokol\/wp-content\/uploads\/2020\/03\/s-300x169.jpg 300w, https:\/\/kanalizacja.jaworzno.pl\/sokol\/wp-content\/uploads\/2020\/03\/s-768x432.jpg 768w, https:\/\/kanalizacja.jaworzno.pl\/sokol\/wp-content\/uploads\/2020\/03\/s-1536x864.jpg 1536w, https:\/\/kanalizacja.jaworzno.pl\/sokol\/wp-content\/uploads\/2020\/03\/s.jpg 1920w\" sizes=\"(max-width: 1024px) 100vw, 1024px\" \/><\/a><\/div><\/div>\t\t<header class=\"entry-header\">\r\n\t\t\t<h2 class=\"entry-title\" ><a href=\"https:\/\/kanalizacja.jaworzno.pl\/sokol\/pilotazowa-stacja-do-usuwania-farmaceutykow-wznawia-prace\/\" rel=\"bookmark\">Pilota\u017cowa stacja do usuwania farmaceutyk\u00f3w wznawia prac\u0119<\/a><\/h2>\t\t\t<div class=\"entry-meta\"><span class=\"posted-on\"><span class=\"published\" itemprop=\"datePublished\"> 22 czerwca 2020<\/span><span class=\"updated\" itemprop=\"dateModified\"> 1 lipca 2020<\/span><\/span><\/div>\t\t<\/header><!-- .entry-header -->\r\n\t\t\r\n\t\t<div class=\"entry-content clear\"\r\n\t\t\t\t\t>\r\n\r\n\t\t\t\r\n\t\t\t<p>Pilota\u017cowa stacja do usuwania farmaceutyk\u00f3w wznawia prac\u0119 Po blisko trzy miesi\u0119cznej przerwie spowodowanej pandemi\u0105 COVID-19, wznawia swoj\u0105 prac\u0119 stacja naukowo badawcza zlokalizowana na Oczyszczalni \u015aciek\u00f3w Jele\u0144 D\u0105b w Jaworznie. Jej g\u0142\u00f3wnym celem i za\u0142o\u017ceniem jest ozonowanie \u015bciek\u00f3w oczyszczonych z zamiarem redukcji z nich farmaceutyk\u00f3w na poziomie 80-90% przy ca\u0142kowitym braku powstawania substancji kancerogennych. Pod koniec &hellip;<\/p>\n<p class=\"read-more\"> <a class=\"\" href=\"https:\/\/kanalizacja.jaworzno.pl\/sokol\/pilotazowa-stacja-do-usuwania-farmaceutykow-wznawia-prace\/\"> <span class=\"screen-reader-text\">Pilota\u017cowa stacja do usuwania farmaceutyk\u00f3w wznawia prac\u0119<\/span> Read More &raquo;<\/a><\/p>\n\r\n\t\t\t\r\n\t\t\t\t\t<\/div><!-- .entry-content .clear -->\r\n\t<\/div><!-- .post-content -->\r\n\r\n<\/div> <!-- .blog-layout-1 -->\r\n\r\n\t\r\n<\/article><!-- #post-## -->\r\n\r\n\r\n\r\n<article \r\n\tclass=\"post-469 post type-post status-publish format-standard has-post-thumbnail hentry category-aktualnosci ast-col-sm-12 ast-article-post\" id=\"post-469\">\r\n\r\n\t\r\n\t<div class=\"ast-post-format- blog-layout-1\">\r\n\r\n\t<div class=\"post-content ast-col-md-12\">\r\n\r\n\t\t<div class=\"ast-blog-featured-section post-thumb ast-col-md-12\"><div class=\"post-thumb-img-content post-thumb\"><a href=\"https:\/\/kanalizacja.jaworzno.pl\/sokol\/pierwsza-w-polsce-instalacja-do-oczyszczania-sciekow-z-farmaceutykow-powstanie-w-jaworznie\/\" ><img width=\"1024\" height=\"684\" src=\"https:\/\/kanalizacja.jaworzno.pl\/sokol\/wp-content\/uploads\/2020\/07\/1090480-1024x684.jpg\" class=\"attachment-large size-large wp-post-image\" alt=\"\" loading=\"lazy\" srcset=\"https:\/\/kanalizacja.jaworzno.pl\/sokol\/wp-content\/uploads\/2020\/07\/1090480-1024x684.jpg 1024w, https:\/\/kanalizacja.jaworzno.pl\/sokol\/wp-content\/uploads\/2020\/07\/1090480-300x200.jpg 300w, https:\/\/kanalizacja.jaworzno.pl\/sokol\/wp-content\/uploads\/2020\/07\/1090480-768x513.jpg 768w, https:\/\/kanalizacja.jaworzno.pl\/sokol\/wp-content\/uploads\/2020\/07\/1090480-1536x1026.jpg 1536w, https:\/\/kanalizacja.jaworzno.pl\/sokol\/wp-content\/uploads\/2020\/07\/1090480-2048x1368.jpg 2048w, https:\/\/kanalizacja.jaworzno.pl\/sokol\/wp-content\/uploads\/2020\/07\/1090480-272x182.jpg 272w\" sizes=\"(max-width: 1024px) 100vw, 1024px\" \/><\/a><\/div><\/div>\t\t<header class=\"entry-header\">\r\n\t\t\t<h2 class=\"entry-title\" ><a href=\"https:\/\/kanalizacja.jaworzno.pl\/sokol\/pierwsza-w-polsce-instalacja-do-oczyszczania-sciekow-z-farmaceutykow-powstanie-w-jaworznie\/\" rel=\"bookmark\">Pierwsza w Polsce instalacja do oczyszczania \u015bciek\u00f3w z farmaceutyk\u00f3w powstanie w Jaworznie<\/a><\/h2>\t\t\t<div class=\"entry-meta\"><span class=\"posted-on\"><span class=\"published\" itemprop=\"datePublished\"> 1 stycznia 2020<\/span><span class=\"updated\" itemprop=\"dateModified\"> 2 lipca 2020<\/span><\/span><\/div>\t\t<\/header><!-- .entry-header -->\r\n\t\t\r\n\t\t<div class=\"entry-content clear\"\r\n\t\t\t\t\t>\r\n\r\n\t\t\t\r\n\t\t\t<p>Przy obecnym tempie \u017cycia, ma\u0142o kto wyobra\u017ca sobie funkcjonowanie bez farmaceutyk\u00f3w. Czy to g\u0142owa, stawy, katar, czy gor\u0105czka zalecana jest tabletka. Nie profilaktyka i zapobieganie, a lekarstwo i pigu\u0142ka. W skutek marketingowych zach\u0119t, \u015bwiadomie, czy te\u017c nie za\u017cywamy coraz wi\u0119cej lek\u00f3w i r\u00f3\u017cnych medykament\u00f3w. Spo\u015br\u00f3d najcz\u0119\u015bciej kupowanych grup lekowych wyr\u00f3\u017cnia si\u0119 leki przeciwb\u00f3lowe dost\u0119pne bez &hellip;<\/p>\n<p class=\"read-more\"> <a class=\"\" href=\"https:\/\/kanalizacja.jaworzno.pl\/sokol\/pierwsza-w-polsce-instalacja-do-oczyszczania-sciekow-z-farmaceutykow-powstanie-w-jaworznie\/\"> <span class=\"screen-reader-text\">Pierwsza w Polsce instalacja do oczyszczania \u015bciek\u00f3w z farmaceutyk\u00f3w powstanie w Jaworznie<\/span> Read More &raquo;<\/a><\/p>\n\r\n\t\t\t\r\n\t\t\t\t\t<\/div><!-- .entry-content .clear -->\r\n\t<\/div><!-- .post-content -->\r\n\r\n<\/div> <!-- .blog-layout-1 -->\r\n\r\n\t\r\n<\/article><!-- #post-## -->\r\n\r\n<\/div><\/div><\/div><\/div><\/div>","protected":false},"excerpt":{"rendered":"<p>Aktualno\u015bci<\/p>\n","protected":false},"author":2,"featured_media":0,"parent":0,"menu_order":0,"comment_status":"closed","ping_status":"closed","template":"","meta":[],"_links":{"self":[{"href":"https:\/\/kanalizacja.jaworzno.pl\/sokol\/wp-json\/wp\/v2\/pages\/13"}],"collection":[{"href":"https:\/\/kanalizacja.jaworzno.pl\/sokol\/wp-json\/wp\/v2\/pages"}],"about":[{"href":"https:\/\/kanalizacja.jaworzno.pl\/sokol\/wp-json\/wp\/v2\/types\/page"}],"author":[{"embeddable":true,"href":"https:\/\/kanalizacja.jaworzno.pl\/sokol\/wp-json\/wp\/v2\/users\/2"}],"replies":[{"embeddable":true,"href":"https:\/\/kanalizacja.jaworzno.pl\/sokol\/wp-json\/wp\/v2\/comments?post=13"}],"version-history":[{"count":14,"href":"https:\/\/kanalizacja.jaworzno.pl\/sokol\/wp-json\/wp\/v2\/pages\/13\/revisions"}],"predecessor-version":[{"id":503,"href":"https:\/\/kanalizacja.jaworzno.pl\/sokol\/wp-json\/wp\/v2\/pages\/13\/revisions\/503"}],"wp:attachment":[{"href":"https:\/\/kanalizacja.jaworzno.pl\/sokol\/wp-json\/wp\/v2\/media?parent=13"}],"curies":[{"name":"wp","href":"https:\/\/api.w.org\/{rel}","templated":true}]}}