{"id":358,"date":"2020-05-18T18:26:56","date_gmt":"2020-05-18T16:26:56","guid":{"rendered":"http:\/\/kanalizacja.jaworzno.pl\/sokol\/?page_id=358"},"modified":"2020-06-22T00:28:27","modified_gmt":"2020-06-21T22:28:27","slug":"schemat-dzialania","status":"publish","type":"page","link":"https:\/\/kanalizacja.jaworzno.pl\/sokol\/schemat-dzialania\/","title":{"rendered":"Schemat dzia\u0142ania"},"content":{"rendered":"<div id=\"pl-358\"  class=\"panel-layout\" ><div id=\"pg-358-0\"  class=\"panel-grid panel-no-style\" ><div id=\"pgc-358-0-0\"  class=\"panel-grid-cell\" ><div id=\"panel-358-0-0-0\" class=\"so-panel widget widget_media_image panel-first-child\" data-index=\"0\" ><img width=\"1000\" height=\"400\" src=\"https:\/\/kanalizacja.jaworzno.pl\/sokol\/wp-content\/uploads\/2020\/06\/schemat.jpg\" class=\"image wp-image-410  attachment-full size-full\" alt=\"\" loading=\"lazy\" style=\"max-width: 100%; height: auto;\" srcset=\"https:\/\/kanalizacja.jaworzno.pl\/sokol\/wp-content\/uploads\/2020\/06\/schemat.jpg 1000w, https:\/\/kanalizacja.jaworzno.pl\/sokol\/wp-content\/uploads\/2020\/06\/schemat-300x120.jpg 300w, https:\/\/kanalizacja.jaworzno.pl\/sokol\/wp-content\/uploads\/2020\/06\/schemat-768x307.jpg 768w\" sizes=\"(max-width: 1000px) 100vw, 1000px\" \/><\/div><div id=\"panel-358-0-0-1\" class=\"so-panel widget widget_sow-editor\" data-index=\"1\" ><div class=\"so-widget-sow-editor so-widget-sow-editor-base\"><h3 class=\"widget-title\">SCHEMAT DZIA\u0141ANIA STACJI PILOTA\u017bOWEJ<\/h3>\n<div class=\"siteorigin-widget-tinymce textwidget\">\n\t<p style=\"text-align: justify;\">Zasada dzia\u0142ania stacji pilotowej wykorzystuj\u0105cej ozonowanie wst\u0119pne ze stopniowaniem i ozonowanie po\u015brednie jest nast\u0119puj\u0105ca. Proces ozonowania wst\u0119pnego prowadzony jest za pomoc\u0105 aeratora-desorbera, wykorzystuj\u0105cego ozon zdesorbowany z kolumn kontaktowych zmieszany z czystym filtrowanym powietrzem. Instalacja dodatkowo zawiera filtracj\u0119 na filtrach \u017cwirowo-piaskowych, w\u0119glowym i dezynfekcj\u0119 lamp\u0105 UV. Opracowana zostanie taka metoda ozonowania \u015bciek\u00f3w, kt\u00f3ra umo\u017cliwi prowadzenie proces\u00f3w technologicznych (wytwarzanie tlenu, ozonu i utlenianie) z\u00a0wykorzystaniem wy\u0142\u0105cznie energii elektrycznej.<\/p>\n<p style=\"text-align: justify;\">Ozonowanie prowadzone zgodnie z\u00a0za\u0142o\u017ceniami nowej technologii, czyli dozowanie do \u015bciek\u00f3w ozonu w kilku miejscach, spowoduje odpowiednie ch\u0142odzenie \u015bciek\u00f3w dla stabilizacji proces\u00f3w technologicznych oraz ograniczenie ilo\u015bci dozowanego ozonu do \u015bciek\u00f3w w procesach ozonowania po\u015bredniego, dzi\u0119ki dozowaniu powietrza zjonizowanego kaskadowo. Utrzymanie sta\u0142ego czasu kontaktu ozonu ze \u015bciekami umo\u017cliwi ograniczenie powstawania zwi\u0105zk\u00f3w kancerogennych.<\/p>\n<\/div>\n<\/div><\/div><div id=\"panel-358-0-0-2\" class=\"so-panel widget widget_media_image panel-last-child\" data-index=\"2\" ><a href=\"https:\/\/kanalizacja.jaworzno.pl\/sokol\/wp-content\/uploads\/2020\/05\/schemat.png\"><img width=\"1024\" height=\"593\" src=\"https:\/\/kanalizacja.jaworzno.pl\/sokol\/wp-content\/uploads\/2020\/05\/schemat-1024x593.png\" class=\"image wp-image-363  attachment-large size-large\" alt=\"\" loading=\"lazy\" style=\"max-width: 100%; height: auto;\" srcset=\"https:\/\/kanalizacja.jaworzno.pl\/sokol\/wp-content\/uploads\/2020\/05\/schemat-1024x593.png 1024w, https:\/\/kanalizacja.jaworzno.pl\/sokol\/wp-content\/uploads\/2020\/05\/schemat-300x174.png 300w, https:\/\/kanalizacja.jaworzno.pl\/sokol\/wp-content\/uploads\/2020\/05\/schemat-768x445.png 768w, https:\/\/kanalizacja.jaworzno.pl\/sokol\/wp-content\/uploads\/2020\/05\/schemat-1536x890.png 1536w, https:\/\/kanalizacja.jaworzno.pl\/sokol\/wp-content\/uploads\/2020\/05\/schemat.png 2000w\" sizes=\"(max-width: 1024px) 100vw, 1024px\" \/><\/a><\/div><\/div><\/div><\/div>","protected":false},"excerpt":{"rendered":"<p>Zasada dzia\u0142ania stacji pilotowej wykorzystuj\u0105cej ozonowanie wst\u0119pne ze stopniowaniem i ozonowanie po\u015brednie jest nast\u0119puj\u0105ca. Proces ozonowania wst\u0119pnego prowadzony jest za pomoc\u0105 aeratora-desorbera, wykorzystuj\u0105cego ozon zdesorbowany z kolumn kontaktowych zmieszany z czystym filtrowanym powietrzem. Instalacja dodatkowo zawiera filtracj\u0119 na filtrach \u017cwirowo-piaskowych, w\u0119glowym i dezynfekcj\u0119 lamp\u0105 UV. Opracowana zostanie taka metoda ozonowania \u015bciek\u00f3w, kt\u00f3ra umo\u017cliwi prowadzenie proces\u00f3w &hellip;<\/p>\n<p class=\"read-more\"> <a class=\"\" href=\"https:\/\/kanalizacja.jaworzno.pl\/sokol\/schemat-dzialania\/\"> <span class=\"screen-reader-text\">Schemat dzia\u0142ania<\/span> Read More &raquo;<\/a><\/p>\n","protected":false},"author":2,"featured_media":0,"parent":0,"menu_order":0,"comment_status":"closed","ping_status":"closed","template":"","meta":[],"_links":{"self":[{"href":"https:\/\/kanalizacja.jaworzno.pl\/sokol\/wp-json\/wp\/v2\/pages\/358"}],"collection":[{"href":"https:\/\/kanalizacja.jaworzno.pl\/sokol\/wp-json\/wp\/v2\/pages"}],"about":[{"href":"https:\/\/kanalizacja.jaworzno.pl\/sokol\/wp-json\/wp\/v2\/types\/page"}],"author":[{"embeddable":true,"href":"https:\/\/kanalizacja.jaworzno.pl\/sokol\/wp-json\/wp\/v2\/users\/2"}],"replies":[{"embeddable":true,"href":"https:\/\/kanalizacja.jaworzno.pl\/sokol\/wp-json\/wp\/v2\/comments?post=358"}],"version-history":[{"count":11,"href":"https:\/\/kanalizacja.jaworzno.pl\/sokol\/wp-json\/wp\/v2\/pages\/358\/revisions"}],"predecessor-version":[{"id":414,"href":"https:\/\/kanalizacja.jaworzno.pl\/sokol\/wp-json\/wp\/v2\/pages\/358\/revisions\/414"}],"wp:attachment":[{"href":"https:\/\/kanalizacja.jaworzno.pl\/sokol\/wp-json\/wp\/v2\/media?parent=358"}],"curies":[{"name":"wp","href":"https:\/\/api.w.org\/{rel}","templated":true}]}}